). Let t(j) = j + 3. Let a be t(-7). Calculate f(a).
-8
Let n(j) = -9*j + 47. Let w(h) = -8*h + 42. Let u(b) = 5*n(b) - 6*w(b). Calculate u(5).
-2
Let d = -583 + 578. Let c be (504/40)/9*d. Let p(g) = -g**3 - 6*g**2 + 9*g + 9. What is p(c)?
-5
Let f(j) = -j**3 + 24*j**2 + 27*j - 3. Let g = 9438 - 9413. Give f(g).
47
Let c(m) = 14*m**2 - 25*m + 1. Let w(i) = -5*i**2 + 9*i. Let v(h) = 6*c(h) + 17*w(h). Let s = -81 + 84. Determine v(s).
6
Let p(s) = -3 - 4*s - 6*s**2 + 10 + s**2 + 4*s**2. Suppose -4*x + 144 = -0*x. Suppose 46 = -5*r + 4*a + 4, 5*r - 2*a = -x. Give p(r).
-5
Let v(u) = -3*u**3 + 7*u**2 - 2*u + 1. Let l(n) = -14*n**3 + 28*n**2 - 9*n + 2. Suppose 9 - 10 = -r, -4*c = r + 7. Let g(y) = c*l(y) + 9*v(y). Give g(-7).
5
Suppose -261 + 306 = -14*a + 171. Let p(s) = s**2 - 11*s + 11. Determine p(a).
-7
Let a(p) = -p + 21. Let u(y) = -y + 21. Let l(b) = -5*a(b) + 6*u(b). Let q be l(-9). Let t(k) = k**3 + q*k**2 + 7 + 3 - 23*k**2. Calculate t(-7).
10
Suppose 93*z - 391 = 539. Let v(d) = -d**2 + 13*d - 35. Give v(z).
-5
Let h(k) = -3*k. Suppose -858 = 463*n - 476*n. Suppose 4*r - 40 = m + 45, r = m + 70. Let x = m + n. Calculate h(x).
-3
Let m(p) = -10*p**2 - 13*p + 13. Let f = 398 + -392. Let q(b) = -5*b**2 - 6*b + 6. Let r(a) = f*m(a) - 13*q(a). What is r(2)?
20
Let t = 497 - 478. Let m(n) = 2*n - 34. Calculate m(t).
4
Let i = 94 - 88. Let f be (-4 - (-29)/i)*-6. Let t(n) = -n**3 - 5*n**2 + 2*n + 7. Calculate t(f).
-3
Let b(s) be the third derivative of -s**6/40 - 7*s**5/12 + 13*s**4/24 + s**3/2 + s**2 + 14. Let f be b(-12). Let x(h) = -2*h - 12. Calculate x(f).
6
Let x(h) be the first derivative of h**4/4 + 13*h**3/3 + h**2 + 9*h + 590. What is x(-13)?
-17
Let q(d) = d + 17. Let a be q(10). Suppose -6*y - 15 = -2*v - 9*y, -a = -5*v - 4*y. Suppose -4*g = 4, -v*l + 2*l + 2 = -g. Let t(r) = -r + 2. What is t(l)?
1
Let l(q) = -q**3 + 3*q**2 - 4*q + 5. Let c be l(2). Let j(v) = -3*v + 0*v + 4*v + 0*v + c. Calculate j(-5).
-4
Let x = -4692 - -4686. Let f(w) = 13*w + 65. Give f(x).
-13
Let r(g) = -g**3 - 8*g**2 - 2*g + 10. Suppose -4*i = -2*m - 256, i - 5*m - 67 = -3*m. Let u be -2 - (8/(-14))/((-6)/i). Determine r(u).
26
Let y(m) = -19*m - 18. Let r be y(-3). Suppose 315 = 36*h - r*h. Let g = -108 - h. Let u(n) = 2*n**2 + 3*n + 1. What is u(g)?
10
Let q(z) = -10*z + 9. Let g(d) = -28*d**2 - 2351*d + 85. Let r be g(-84). Calculate q(r).
-1
Let l(g) = g**3 - 6*g**2 + 8*g - 6. Suppose -86*i + 87*i + 137 = 0. Let z = 142 + i. Give l(z).
9
Let h = -88 + 92. Let v(n) be the first derivative of 1/2*n**2 - 6*n - 13. What is v(h)?
-2
Let x(j) be the third derivative of j**5/60 + 5*j**4/24 + 5*j**3/6 - 919*j**2. Let g(z) = 6*z**2 - 1. Let i be g(-1). Suppose -13 = i*r + 7. Give x(r).
1
Let j(k) = -k**3 + 15*k**2 - 4*k + 9. Suppose 0 = -75*l + 62*l + 195. Give j(l).
-51
Let g be -3 - (-16)/(-12)*-6. Suppose g*h - 65 = 5. Let d(o) = -o**2 + 13*o + 11. What is d(h)?
-3
Let r(o) = -4*o + 4. Suppose -9*c - q - 16 = -4*c, 4*c = 5*q - 7. Give r(c).
16
Let y(k) = -11 - 13 + 42 - 7 + 8*k - 9. Let t be (-6)/9 + (-1)/3. Determine y(t).
-6
Let k(g) = 628*g**2 + g - 154*g**2 - 157*g**2 - 157*g**2 - 155*g**2 - 35. What is k(5)?
95
Let p(q) be the second derivative of q**4/6 - q**2/2 - 143*q. Let d(f) = 5*f**2 + 6*f - 4. Let x(c) = -d(c) + 3*p(c). Calculate x(4).
-7
Let y(b) = 2*b**3 - 41*b**2 + 21*b - 21. Let c be y(20). Let h(t) = -73*t**3 - t**2 + 1. Calculate h(c).
73
Let z(h) = -23*h + 1. Suppose 15 - 45 = -11*w - 4*w. Determine z(w).
-45
Let a = -153 - -152. Let i(t) = -t + 1. Let g(j) = 29*j + 8. Let l(h) = 10*h + 3. Let f(d) = -6*g(d) + 17*l(d). Let p(m) = a*f(m) + 3*i(m). Give p(1).
1
Let r(x) = -x**2 + 5*x - 2. Let f be (-25)/(-15) + (-7)/(-21). Suppose 0 = 3*q - 6*l + f*l - 24, 25 = 4*q - 3*l. What is r(q)?
2
Let c(f) be the second derivative of -f**3/2 - 5*f**2 + 14*f + 68. What is c(5)?
-25
Let y(q) be the first derivative of q**3/3 - 4*q + 5322. Let c be 3/(-9) - 2/(-6). Suppose -k = -c*k. Give y(k).
-4
Let p(j) be the first derivative of 34*j**3/3 + 3*j**2/2 - 2*j - 2018. Calculate p(1).
35
Let s(j) = -4*j**3 + j**2. Suppose 0 = -15*u + 14*u + 16. Suppose 3*f = -4*a - u, 1 = 2*f + 9. Give s(a).
5
Let n(z) = z**3 - 6*z**2 + 6*z + 6. Let i = 226 + -222. Let b be 30/(-8)*i/(-3). Calculate n(b).
11
Let j(k) = 7*k - k - k**2 - 5*k. Suppose 5*c + 78 = 4*t, 0 = -2*t - 3*c + 15 + 13. Suppose -3*s = 8 - t. Calculate j(s).
-6
Let v(z) = 1344*z - 8 - 2694*z + 1346*z + 48. Give v(8).
8
Let j(k) = -15*k - 65 - 4 + 3*k + 11. Give j(-6).
14
Let c(k) = -1 - 10091*k + 5135*k + 4955*k. Let t(m) = -4*m + 4. Let q(p) = -7*p + 8. Let l(r) = -3*q(r) + 5*t(r). Let j be l(4). What is c(j)?
-1
Let u(r) = 7*r**3 - 25*r**2 - 9*r + 48. Let y(x) = 6*x**3 - 23*x**2 - 10*x + 46. Let c(k) = -5*u(k) + 6*y(k). Determine c(14).
22
Let q be 5/((-105)/(-12)) - (1 + 48/(-14)). Let n(i) = -3*i**3 + 3*i**2 + 4*i - 1. Determine n(q).
-43
Let o(j) be the second derivative of 1/3*j**4 + 1 - 1/2*j**3 + j**2 - 48*j. Determine o(2).
12
Let l(c) = -c + 1. Let t(s) be the first derivative of s**2/2 + 5*s + 22. Let m(d) = -4*l(d) + t(d). What is m(-2)?
-9
Let f(g) = -2*g**3 - 3152*g + 3154*g + 3 - 20*g**2 + 4. Calculate f(-10).
-13
Let c(r) be the second derivative of r**5/20 - r**4/2 - r**3/3 + 377*r. What is c(5)?
-35
Let u(z) = -17*z**3 - 87*z**2 + 153*z - 62. Let g(l) = -11*l**3 - 57*l**2 + 102*l - 41. Let y(a) = -14*g(a) + 9*u(a). Give y(-18).
-38
Let g(x) = -2*x + 18. Let y(d) = -d + 9. Suppose -263*j + 15 = -260*j. Let v(z) = j*y(z) - 2*g(z). Determine v(5).
4
Let t(v) be the first derivative of -7*v**2 - 13*v + 793. Calculate t(-3).
29
Suppose 0*c + 150 = -10*c. Let n be -1*5 + -65*3/c. Let l(o) = o - 8. What is l(n)?
0
Suppose 0*t - 38171 = 41*t. Let m = -956 - t. Let o(n) = n + 30. Give o(m).
5
Let c = 2088 + -1123. Let j(l) = -4*l - 971 + 2*l**2 + c - 3*l**2. Suppose -5*m - 5 = -5*r, 3*r + 21 = -2*m - 6. Give j(m).
-18
Let b(t) = 5*t + 8389 - 8*t**3 - 4*t - 8389 + 23*t**3. Let i(l) = 2*l**2 - l. Let v be (-2)/(-6) + 2/3. Let h be i(v). Determine b(h).
16
Let c(n) = -n**3 + 4*n**2 - 5*n + 3. Let z(u) = 12*u + u**2 + 17 + 0*u**2 - 42 + 15. Let d be z(-13). Suppose -q + 21 = 3*y + d*q, -9 = -3*q. Calculate c(y).
-3
Let v(a) = a**2 + 110*a + 1273. Let h be v(-13). Let u(m) = m**2 - 7*m - 3. Let x(y) = -y**2 + 6*y + 4. Let k(o) = -6*u(o) - 5*x(o). Give k(h).
-2
Let j(d) = -d**2 - 7*d**3 - 5*d + 0*d**2 + 20 - 17 + 4*d**2. Let i be j(1). Let l(x) = x**2 + 5*x - 7. Calculate l(i).
-1
Let j be -14 - 2 - (-106 + 0 + 98). Let v(i) = 14*i + 21. Let b(c) = 9*c + 14. Let m(u) = -8*b(u) + 5*v(u). What is m(j)?
9
Let a(o) = -21*o**2 + 24*o + 1. Let b be a(6). Let m = b - -611. Let v(s) = -s**2 + s + 44. What is v(m)?
44
Suppose -187*n + 118 = -128*n. Let u(j) = -5*j + 6. Determine u(n).
-4
Let c(v) = 11 - v - 710*v**2 - 696*v**2 + 1405*v**2. What is c(-4)?
-1
Let p(s) = s**3 - 5*s**2 - 6*s - 7. Let i be (-4320)/(-672) - (-6)/(-14). Determine p(i).
-7
Let s(r) = 29*r - 39. Let x(v) = -47*v + 55. Let t(f) = -8*s(f) - 5*x(f). What is t(-26)?
-41
Let l be ((-8)/(-3) + 1)*309/(-2575)*25. Let o(j) = -3*j**3 + 14*j**2 - 9*j - 2. Let n(h) = -4*h**3 + 15*h**2 - 8*h - 3. Let v(g) = 4*n(g) - 5*o(g). Give v(l).
-24
Let w be (225/6)/25*10 + -11. Let k(p) = 21*p - 78. Calculate k(w).
6
Let m(h) = 24*h**2 + 17 + 34 - 21 - 26*h**2 + 26*h. What is m(14)?
2
Let q = 44 + -42. Let l be 28/12*q/7*-6. Let h(z) be the first derivative of z**3/3 + 3*z**2/2 + 3*z - 17. Calculate h(l).
7
Let v be 4/(-14) - (-33)/(-7). Suppose -6*b - 1 = -19. Let n(l) = -6*l - 75*l**3 - 79*l**3 + 155*l**b + 4*l**2 - 5. Calculate n(v).
0
Let m(u) be the third derivative of -u**6/120 + u**5/20 - u**4/24 + u**3/6 + 10*u**2. Suppose 192*d - 191*d - 13 = -3*t, -2*t + 5*d - 14 = 0. What is m(t)?
-2
Let r(m) = m**2 + 13*m - 40. Let p = 4040 + -4056. Calculate r(p).
8
Let s(h) = 6*h**3 - 9*h - 7*h**3 - 878 + 900 - 11*h**2. What is s(-10)?
12
Let w(v) = 207*v - 454*v - 14 + 255*v. Determine w(3).
10
Suppose 0 = -3*n + 9 + 6. Suppose -5*m + n*h = 0, 2*h = 5*m + 5 + 1. Let y(p) be the third derivative of p**4/12 + p**3/2 + 31*p**2. Calculate y(m).
-1
Let p(l) = -8*l - 1. Let h be (-12 + 14)*5/(-2). Let j(r) = -6*r - 19. Let b(n) = -13*n - 39. Let f(k) = -3*b(